Let y = -10 + 16. Let r(j) = -2*j**2 + 7*j + 8. Let g be r(y). Let v = -11 - g. List the prime factors of v.
11
Let r(m) = -125*m - 30. What are the prime factors of r(-4)?
2, 5, 47
Let m = -989 + 1480. Suppose -2*a + 47 = -m. What are the prime factors of a?
269
Let k(m) be the first derivative of -m**3/3 - 11*m**2/2 - 10*m - 8. What are the prime factors of k(-9)?
2
Let a be -4 - -2*(-90)/(-5). Let d = 103 - a. List the prime factors of d.
71
Let o(j) = 69*j - 184. List the prime factors of o(12).
2, 7, 23
Let o = -2021 + 2636. List the prime factors of o.
3, 5, 41
Suppose 5*u = r + 179, -5*u - 255 - 262 = 3*r. Let f = r + 251. What are the prime factors of f?
7, 11
Let w(r) = -75*r**3 - 3*r**2 + 3. What are the prime factors of w(-1)?
3, 5
Suppose i - 12 = -3*i, 3*c + 2*i = 6. Suppose -5*a - 5 = -c*a. List the prime factors of (-3)/(a + (-93)/(-102)).
2, 17
Let o = -25 - -30. Let s(f) = 23*f - 5. List the prime factors of s(o).
2, 5, 11
Suppose 0 = n - 15 + 64. Let g = n + 186. What are the prime factors of g?
137
Let a = 107 + -97. Let u be 34*(-6)/9*-3. Suppose a*b - 6*b = u. List the prime factors of b.
17
Let h(o) = -o**2 - 4*o. Let z be h(-3). Suppose -2*y = 2*y - 5*y. Suppose 54 = 5*w - g, 0 = 5*w - z*g - y*g - 52. What are the prime factors of w?
11
Let y = -11 - -27. Suppose 0 = -2*u + 3*g + 24, -3*u = u + 2*g - y. Suppose -u*r = -10*r + 48. List the prime factors of r.
2, 3
Suppose 5*c - 1 = 4*c. Let p = 4 - c. Suppose -71 = -4*d - p*z + 119, -2*d - 3*z = -98. What are the prime factors of d?
2, 23
Let v(b) = 10*b**2 - 3 - 9*b**3 + 3*b**3 + 7*b**3 + 8*b. List the prime factors of v(-8).
61
What are the prime factors of ((-312)/(-14))/(0 - (-2)/14)?
2, 3, 13
Let g(u) = -u**2 + 1. Let j(t) = t**2 + 9*t - 18. Let d(f) = -4*g(f) - j(f). What are the prime factors of d(6)?
2, 17
Suppose -j + 2*x + 657 = 0, 26*j + 2618 = 30*j - 3*x. List the prime factors of j.
653
Let n(k) = 5*k**2. Suppose 10*x - 2 = 8*x. What are the prime factors of n(x)?
5
List the prime factors of (-2691)/(-4) - 4/(48/9).
2, 3, 7
Let n = -5 - -9. Suppose -18*d = 14*d - 4032. List the prime factors of d/n*(-28)/(-21).
2, 3, 7
Let r = -1252 - -3110. List the prime factors of r.
2, 929
Let t be ((-24)/10)/(-4 - 38/(-10)). Suppose -2*f + 282 = -t. List the prime factors of f.
3, 7
Let w(m) be the third derivative of -m**5/60 + 7*m**4/12 + 4*m**3/3 - 9*m**2. Let b = -6 + 17. List the prime factors of w(b).
41
Suppose 5*y - 5551 - 7669 = 0. What are the prime factors of y?
2, 661
Let p = 2995 - 1137. List the prime factors of p.
2, 929
Let q(c) = c - 9. Let a be q(13). Let u(f) = f + 0*f - a*f + f - 3. What are the prime factors of u(-3)?
3
Let p(j) = j**3 - 4*j**2 + 6*j + 5. Let z be p(5). List the prime factors of (-5)/(z/(-8))*93.
2, 31
Let v be (-556)/(-10) - 6/10. Let d = 126 - v. List the prime factors of d.
71
Let d(h) = 4*h**3 + h**2 - 3*h + 2. Let g be d(1). Suppose 5*n = 28 + 17. Suppose r + g = n. List the prime factors of r.
5
Suppose -4*f + 5*k = -232, f - 73 = -0*f + 5*k. Suppose -3*p + 42 = 3*z, -4*z + f = 2*p + p. Suppose 0 = -3*l + z + 52. List the prime factors of l.
3, 7
Suppose 5*i = -0*i + 610. Suppose -6*m = -2*a - 9*m - 162, -2*m = -4*a - 340. Let q = i + a. What are the prime factors of q?
2, 19
Let q(f) = -3*f - 11. Let y be q(-7). Suppose y*v = 7*v + 456. List the prime factors of v.
2, 19
Let x(m) = 12*m + 105. What are the prime factors of x(9)?
3, 71
Suppose -k - 603 = -1551. List the prime factors of k.
2, 3, 79
Suppose -74*m + 41998 = -63*m. List the prime factors of m.
2, 23, 83
Suppose -604 = -2*r + 2*h, -14*h = -4*r - 12*h + 1204. List the prime factors of r.
2, 3, 5
Let j(l) = 3*l + 0*l + l**2 + 4*l**2 - 17 - 4*l - l**3. List the prime factors of j(-5).
2, 7, 17
Suppose 0 = -5*q - 2*x + 282, 8*q - 3*q + 5*x = 285. What are the prime factors of q?
2, 7
List the prime factors of (-6)/(-27) - (4 - (-6674)/(-18)).
367
Suppose 2*i = i + 4. Suppose x - 1 - 4 = i*w, -23 = -x - 5*w. What are the prime factors of (x - -2)*4/6?
2, 5
Let p be 3*((-100)/12)/(-5). Suppose -3*g + d - 5*d + 472 = 0, -798 = -p*g - d. Suppose -40 = -5*b + g. List the prime factors of b.
2, 5
Let l(g) be the first derivative of -g**4/4 - g**3 + 9*g**2 + 5*g - 49. What are the prime factors of l(-7)?
3, 5
Let d be (12/24)/(2/(-76)). Let t be 1/4 - d/4. Suppose -216 = -5*b - 4*w, -4*w + 220 = t*b + w. List the prime factors of b.
2, 5
Let t(h) = 9*h + 6. Let i = -22 - -25. Suppose -7 = y - 4*u - i, 2*y = u + 6. List the prime factors of t(y).
2, 3, 7
Suppose -6*p + 7357 = -2813. What are the prime factors of p?
3, 5, 113
Suppose -o + 4 = -1. Suppose -3*t + 10 = 5*p - 68, 56 = 2*p - o*t. Let j = p - -15. What are the prime factors of j?
3, 11
Let r(z) = -z**2 + 10*z - 3. Let k be r(10). Let o = -3 - k. Suppose -2*g + o = 10, -3*p + g + 44 = 0. List the prime factors of p.
13
Let n(y) = -100*y**3 + y**2 - y - 1. Let p be n(-1). Let l(u) = -4*u - 61. Let a be l(-21). Suppose 2*g - a = p. What are the prime factors of g?
2, 31
Let r = -57 + 313. List the prime factors of r.
2
Suppose 3*y - 25 = 53. Let a be y/13 - 3*-1. Suppose r - 29 = a. What are the prime factors of r?
2, 17
Suppose i + 2*g - 3732 = -4*i, 3*i - g - 2237 = 0. List the prime factors of i.
2, 373
Let m = -14 + 6. Let h be 0 + 29 + -3 - 2. Let l = m + h. What are the prime factors of l?
2
Suppose 10*a - 9*a - 2 = 0. Suppose -5*k = 4*o - 24, -a*k = -5*o + o - 4. Suppose -177 = -k*r - 41. What are the prime factors of r?
2, 17
Let h = 2005 - -1049. List the prime factors of h.
2, 3, 509
Let h = 17 - 12. Let v(w) = 8*w**2 + 12*w - 36. What are the prime factors of v(h)?
2, 7
Suppose -5*y - 36 = 14. Let b = -7 - y. Let h(o) = 8*o + 1. What are the prime factors of h(b)?
5
Let b(j) = 33*j + 1. Let z(a) = -131*a - 4. Let g(v) = -9*b(v) - 2*z(v). What are the prime factors of g(-4)?
139
Suppose -6*z + 887 = -181. List the prime factors of z.
2, 89
Let w(m) = 7*m + 3*m - 23 - 10*m - m. Let l be w(-13). List the prime factors of 6/(-15) - 354/l.
5, 7
Let j(f) = f**3 + f**2 - f - 3. Let k be j(-3). Let b be 9/(-15) - k/5. List the prime factors of (44 - 0)/4*b.
3, 11
Suppose -5*u + 4*j + 2665 = 0, -5*j + 950 + 1141 = 4*u. Suppose -696 = -4*d + 3*b - b, -3*d + u = 2*b. List the prime factors of d.
5, 7
Suppose 5*n - h = -4*h + 755, -2*n - 5*h = -302. List the prime factors of n.
151
Suppose -5*n = -3*b + 804 + 181, -4*b + 2*n = -1290. Let o = b + -222. List the prime factors of o.
2, 7
Suppose -5*p + 6*n = n + 50, 0 = 3*p + n + 10. Let x = -17 + -8. List the prime factors of x/(-1) - (-15)/p.
2, 11
Let i(r) = 14*r + 16. Let p be i(-8). Let y = 184 + p. List the prime factors of y.
2, 11
Suppose -c + 7*c + 354 = 0. Let z = -57 - c. List the prime factors of z.
2
What are the prime factors of 27/(-3) + 22988/7?
5, 131
Suppose 7*v = 2*v. Suppose r - 2 - 3 = v. Suppose -183 = -r*s + s + 5*l, -2*s - 3*l + 75 = 0. What are the prime factors of s?
2, 3, 7
Let a be (-50)/(-20)*-3*4/(-5). Suppose -a*g = -465 + 105. List the prime factors of g.
2, 3, 5
Let b(y) = 3*y - 28. Let x be b(10). Suppose 97 = x*o - 47. What are the prime factors of o?
2, 3
Suppose -h = 4*o + 3*h - 3700, -4639 = -5*o + 2*h. What are the prime factors of o?
3, 103
Let j(h) = 8*h + 79. List the prime factors of j(8).
11, 13
Let a(d) = d**2 + 2*d - 19. Let v be a(-6). List the prime factors of v*(-9)/((-45)/38).
2, 19
Let h(x) = 24*x**2 + 5*x + 139. List the prime factors of h(-7).
2, 5
Let t(y) = -95*y - 135. What are the prime factors of t(-18)?
3, 5, 7
Let v = 121 + -203. Let u be v/(-6)*15/5. Let a = u - 15. List the prime factors of a.
2, 13
Let i = -1328 - -4948. List the prime factors of i.
2, 5, 181
Let c = -91 - -139. Suppose 2*i - 164 = c. Suppose -5*t + m = -0*m - 97, -2*m + i = 5*t. What are the prime factors of t?
2, 5
Suppose 27*p - 29160 = -2106. What are the prime factors of p?
2, 3, 167
Suppose -h - h = -3*w - 1527, 2*w + 2278 = 3*h. What are the prime factors of h?
2, 3, 7
Suppose 28 = -5*t + 3, 5*r = -t + 3655. Suppose -g = 4*h - r, -h + 16 = g - 167. List the prime factors of h.
3, 61
Let j(w) = 5*w**2 - 2*w. Let z be 10/(-4) + (-2)/4. Let s be j(z). Suppose -7*t = -4*t - s. List the prime factors of t.
17
Let l = -81 - -65. List the p